e b = 23*r - 16*r. Is r a composite number?
True
Let p = -7 - -10. Suppose -6 = -p*c - t - 34, -8 = -c + 4*t. Let q(m) = m**3 + 8*m**2 - 12*m - 10. Is q(c) a prime number?
False
Let q = 138 - -142. Let o = q + -123. Suppose 3*z = 2*z + o. Is z a composite number?
False
Is (-3 + -19)*(-3 - (-322)/(-4)) a composite number?
True
Let c(r) = -10170*r - 139. Is c(-2) prime?
True
Let q(f) be the third derivative of f**6/24 - f**5/15 - f**4/24 + f**3/3 - 8*f**2. Let n be q(4). Let v = -141 + n. Is v a prime number?
True
Let a(y) be the second derivative of -5*y**3/6 + 2*y**2 + y. Let i be a(5). Is (-2)/(-7) + (-1212)/i prime?
False
Let l(d) = 4*d + 7*d - 3*d + 0*d + 4 - d**2. Let q be l(8). Is ((-14)/q)/((-1)/26) composite?
True
Let x(j) = 17*j**2 - 17*j - 43. Let g = -52 - -40. Is x(g) a prime number?
True
Is (88/24 - 3)*627738/4 prime?
True
Let d(z) = -1366*z + 101. Is d(-12) prime?
True
Let a(o) = -o - 4. Suppose 4*g + 0*d - 3*d - 3 = 0, 4*g + 5*d = -37. Let p be a(g). Is ((-3)/(-6))/(p/(-62)) composite?
False
Suppose 27304 = 3*w - q, 9*q = -w + 5*q + 9097. Is w composite?
True
Suppose -4*p + 598 = -2*b + 4*b, 0 = 5*p - 2*b - 752. Suppose 2*m + p = 424. Let v = 391 - m. Is v prime?
False
Let v(w) = -w + 10. Let o be v(6). Is o/(12/9) - -28 composite?
False
Suppose -18 = -4*n + 2. Suppose -3*r - n*r + 344 = 0. Is r a prime number?
True
Let j(r) be the first derivative of 29*r**3/3 - r**2/2 + r + 5. Is j(-3) composite?
True
Let u be 933 + 1 - (4 + -4). Let k = -557 + u. Is k a prime number?
False
Suppose 4*x + l = 19, 4*x - 2*l - 29 = -l. Let i be (-50)/(-8) + x/(-24). Is (-2 + i)*48 - 1 prime?
True
Let s = 522 - -9989. Is s a prime number?
False
Let g = 3668 + -2599. Is g + (9 - 4) + 3 composite?
True
Let s = -922 + 4701. Is s a composite number?
False
Let i be (-4)/14 - (-16)/21*3. Suppose 2*c - 1348 = -i*c. Is c a composite number?
False
Let w = -8 + 10. Let d(g) = 5*g + 27. Let t be d(-6). Is ((-151)/t)/(w/18) a prime number?
False
Suppose -4 = 2*h - 14. Let m = 7 - h. Suppose m*o + 7 = 3*o. Is o prime?
True
Suppose 7 + 28 = -7*w. Is w/((-15)/(-14))*2826/(-12) a prime number?
False
Let z(g) = 29*g**2 - 24*g - 4. Let r(q) = q**2 - q. Let w(l) = -6*r(l) + z(l). Is w(-7) a prime number?
True
Let f(m) = -126*m**2 - 7*m - 10. Let b(n) = -63*n**2 - 3*n - 5. Let k(x) = -5*b(x) + 2*f(x). Is k(-4) a composite number?
False
Suppose 2*s = -3*s. Let r = -37 - -33. Is 143 + r/(-12)*s prime?
False
Let w(s) = -s**3 + 12*s**2 - s + 16. Let l be w(12). Is (-3010)/(-20) + (-6)/l a prime number?
True
Is 2*(1 + (-32110)/4)/(-3) a composite number?
False
Is 4 - -6588 - (-12 + 5) composite?
False
Suppose 0 = -w - 41 + 1775. Suppose -4*l + w = 2*k, l - 3*l + 877 = 3*k. Is l a composite number?
False
Let k = -2159 - -3078. Is k a prime number?
True
Is ((-878633)/155)/((-1)/5) composite?
True
Is (0 - -1)/(10 - (-1293446)/(-129346)) composite?
False
Let q = 29695 - 16704. Is q composite?
True
Let x = 391 + -268. Let v = -76 + x. Is v a composite number?
False
Suppose -4*j + 3*j + 5669 = 0. Is j prime?
True
Let v(r) = -r + 14. Let a be v(9). Suppose 5*u = -4*k + 2709, -3*k = -a*u - 2*k + 2704. Is u a prime number?
True
Suppose -4*h - s = -3145, -2*h + 2*s + 1590 = 6*s. Is h a composite number?
True
Suppose 66*d - 73*d + 16877 = 0. Is d a prime number?
True
Let m(f) = 394*f**3 + f**2 - 4*f + 31. Is m(3) a prime number?
False
Let q(g) = g**3 - 2*g**2 - 2*g - 1. Let k be q(2). Let c = 11 - k. Is (-2)/c - 2009/(-8) a prime number?
True
Suppose 24 = -5*o + o. Is (-10870)/(-35) - o/14 a prime number?
True
Let q = 10 - 6. Suppose 5*p - q*i + 1296 + 9072 = 0, -4*p - 8310 = 2*i. Is (-3)/6 + p/(-8) a composite number?
True
Suppose 5*i - i = 0. Suppose -8*m + 12*m - 1204 = i. Is m a prime number?
False
Let u = 13 - 11. Suppose 2*o + 2 = 2*h, -u*h - 2*h = -3*o - 4. Is 2/((-1130)/(-1126) - h) a prime number?
True
Let x = 13194 - 7317. Suppose -14497 = -5*y - x. Suppose 7*g = 3*g + y. Is g a composite number?
False
Let f(j) = 10*j**2 + 7*j + 4. Let s be f(-7). Let y = 624 - s. Suppose 3*i - 22 = y. Is i a prime number?
True
Is 17996/10 + 9/(-15) a composite number?
True
Suppose 54*o = 25*o + 660301. Is o a prime number?
True
Let s be (4/16)/(1/4). Let h(c) = 438*c + 5. Is h(s) a composite number?
False
Let c(j) = -j**3 + 2*j**2 + 2*j. Let a be c(-1). Let n(b) = 0*b - b - 1 + 2*b + 309*b**3. Is n(a) a composite number?
True
Suppose -101*z - 4955 = -102*z. Is z composite?
True
Is 49272/(-16)*(-2)/3 a composite number?
False
Suppose -82*b + 533012 = -78*b. Is b composite?
False
Suppose 2*r - 3*l = 592, -r = r - l - 588. Is r composite?
False
Let o(b) = -646*b + 1. Let s be 0 - 0 - (12 - 11). Is o(s) a composite number?
False
Suppose 0 = 4*i - 2*i - 264. Suppose 0 = 3*h + 42 + i. Let f = 9 - h. Is f prime?
True
Let t(b) = -2*b**2 - 305*b**3 + 19 - 18 + 13*b**3. Is t(-1) prime?
False
Suppose -m = -4, -3*r + 4*m = 2*r + 51. Let c(n) = n**2 + 8*n + 10. Let a be c(r). Suppose -5*f + a*f + 190 = 0. Is f composite?
True
Let h(a) = -a**2 + 17 + 84 + 786. Is h(0) prime?
True
Let w be (-172)/(-60) - 4/(-30). Suppose -p + 2 = 2*l, -7*p = -w*p - l - 17. Suppose -111 = -c + p*s, -2*c + 2*s = -0*c - 228. Is c prime?
False
Suppose -25 = -5*a + 5*z, a - 3 = 5*z + 14. Let y be 26 - (-1)/(a/(-6)). Is ((-5)/1)/((-1)/y) a prime number?
False
Let r(n) = n**3 + 69*n**2 - 29*n + 52. Is r(-67) prime?
True
Let v be -12*1*2/(-8). Let n(t) = 7 + v + 0 - 12*t. Is n(-9) a composite number?
True
Suppose 2*l - 3*l = -7. Suppose l*j - 10*j + 159 = 0. Is j a prime number?
True
Let i = 9595 + -6854. Is i a prime number?
True
Let s = 49 + -165. Let a = 263 - s. Is a a prime number?
True
Let d(h) = 4*h + 743. Suppose -5*r - 35 = -5*x + 15, 4*x + 4*r = 8. Suppose k = x*k. Is d(k) prime?
True
Is 77/(-924) + 26090/24 composite?
False
Suppose 7*x - 6 = 8. Suppose -5*d + 14090 = 2*y - 5*y, x*y - 14090 = -5*d. Is d a prime number?
False
Suppose -2*y = 5*h - 150638, 3*y - 77*h + 79*h = 225946. Is y a prime number?
False
Suppose -4*p + 39 = -4*m - m, 3*m + 9 = 0. Suppose -4*u + p = -u. Suppose -u*d + 33 = 5*t + 8, 5*d = -3*t - 4. Is t a composite number?
False
Let a(h) be the third derivative of 0 + 3*h**2 + 13/6*h**4 + 1/6*h**3 + 0*h. Is a(1) composite?
False
Suppose -761 = 11*i - 3940. Is i a composite number?
True
Let a(l) = 9*l**3 - 2*l**2 + 2*l - 1. Let m be a(1). Let p be (2 + 4/m)*2. Suppose -8*b + p*b + 861 = 0. Is b a prime number?
False
Let g(t) = t**3 - 2*t**2 - 10*t + 8. Let z be g(4). Is (-38115)/(-147) - (2/7 + z) prime?
False
Suppose 15 = -5*x, -5*h - 127*x + 131*x + 2867 = 0. Is h composite?
False
Suppose -7*w = -4*w + 9. Let b = w - -49. Is b a composite number?
True
Let q(g) = -2*g - 8. Let f be q(-4). Let v be (f + -1)*2/(-1). Let w = 55 + v. Is w prime?
False
Suppose -4*s = u + s - 27, s = 5. Suppose u*c = 10, -1220 - 592 = -3*n + 3*c. Suppose -13*q + 10*q = -n. Is q a prime number?
False
Let f(i) = -10*i**3 - 3*i**2 + 2*i - 2. Let p be -2 + 8*(-4)/(-8). Let s be f(p). Let n = 217 + s. Is n a prime number?
True
Suppose -5*t - 85 = 5*w, w - 89 = 5*w - 3*t. Is (-8)/w - (-3306)/10 prime?
True
Suppose -5*q = 2*k - 269 - 47, -481 = -3*k - 4*q. Suppose 0 = -5*z + 5*g + 530, -5*z + 538 = g - 2*g. Let x = k - z. Is x a composite number?
True
Let q(d) = 5*d - d - d - 3*d**3 + d**2 - 2. Suppose 2*h = -3 - 3. Is q(h) prime?
True
Suppose 0 = -5*a + 2*c + 3*c + 335, 5*c + 5 = 0. Let g(n) = a - n**3 - 5*n**2 + 11 + 5*n**2 - n. Is g(0) a prime number?
False
Let x be (-2148)/25 - (-8)/(-100). Let f be (-6)/(1/1*-2). Let t = f - x. Is t a prime number?
True
Suppose -10 = 5*n, 2*n + 5 - 7 = 2*m. Is 4 + 30*49 + m prime?
True
Let k = -34 + 37. Suppose 0 = p, 4*l - k*p + p - 1028 = 0. Is l a prime number?
True
Suppose 5*t - 2*m - 9203 = 0, -8*m + 6*m + 3684 = 2*t. Suppose l = -2, 2*g = -3*g + 3*l + t. Is g composite?
False
Suppose -2*v - 3*v = -3940. Let y be v - 6/(-2 + -1). Suppose -d - d = -y. Is d a prime number?
False
Is -1*2*(-385103)/178 a prime number?
True
Let m(v) = v**2 + 13*v - 11. Let q be m(-14). Suppose 1116 = -q*x + 6195. Is x composite?
False
Let c be (15/10)/((-18)/(-8))*1257. Suppose -4*q = -5*z + 2095, -2*z - 5*q = -6*q - c. Is z composite?
False
Let o = 43 - 39. Suppose 0 = -o*u + 124 + 720. Is u a prime num